5, 7
Suppose -p - 4*p = 5. Let z be (-3)/p - (2 - 2). Suppose 5*b + 3 + 2 = -2*v, z*v = 3*b + 24. List the prime factors of v.
5
Let x = 4 + 7. What are the prime factors of x?
11
Let r = -20 + 47. List the prime factors of r.
3
Let d(b) = b**3 + 8*b**2 + 3*b - 3. Let s be d(-6). Let v be (6/(-10))/((-7)/35). Suppose s = -0*c + v*c. List the prime factors of c.
17
Let d(z) = -z**3 + z**2 - z + 92. Let m be d(0). Suppose 0*w - m = -4*w. List the prime factors of w.
23
Suppose -2*i = -i - 86. List the prime factors of i.
2, 43
Let w(y) = -y**2 + 8*y - 9. Let h be w(5). Suppose -4*a = -5*n - 102, -h = 2*n + n. What are the prime factors of a?
23
Let v(y) = y - 6. Let i be v(9). Suppose -u = 7*q - 2*q + i, -u = 3. Suppose q = -4*d + 3*d + 14. What are the prime factors of d?
2, 7
Let c be 250/15 - (-2)/(-3). Suppose 0 = 5*w - d - c, -w + 5*d - 1 = -9. List the prime factors of w.
3
Suppose p - 1 = 4, -2*v + 16 = 2*p. Suppose 19 = v*f - 8. What are the prime factors of f?
3
Let a(h) = 2*h - 14. Let u be (3 + -1)/((-1)/(-2)). Let j(s) = 2*s**2 - 4*s - 5. Let d be j(u). What are the prime factors of a(d)?
2
Let h = -4 + 101. What are the prime factors of h?
97
Suppose 0 = 4*d - 1 - 3. Let g(a) = 15*a**3 - a + 1. Let m be g(1). What are the prime factors of (2/6)/(d/m)?
5
Suppose -3*a = 2*a. Suppose -c = a, 7*t - 2*t - c - 150 = 0. List the prime factors of t.
2, 3, 5
Suppose 3*c = 14 + 4. Let q be c + -4 - (1 + -11). Suppose -2*t - t + q = 0. What are the prime factors of t?
2
Let f = -55 + 118. What are the prime factors of f?
3, 7
Let n(w) be the second derivative of 5*w**4/12 - w**3/6 + 9*w**2/2 - 3*w. Let o(s) = s**2 + s. Let x(j) = -n(j) + 6*o(j). List the prime factors of x(-9).
3
Let p(f) = -f - 11. Let q be p(-8). Let r(t) = -t**2 + 4*t. Let d be r(q). Let x = d + 29. What are the prime factors of x?
2
Suppose -3 = k - 5. Suppose 1 = w - 6. Suppose w = k*q - 5. What are the prime factors of q?
2, 3
Suppose -226 = 18*y - 19*y. What are the prime factors of y?
2, 113
Let a(c) = 2*c**2 - 2*c + 170. What are the prime factors of a(0)?
2, 5, 17
Let t(k) = -10*k + 3. What are the prime factors of t(-1)?
13
Let y be 9/6*16/(-6). Let g be (-2)/y*(2 - 2). Suppose 5*n - 3*s = 32, 0 = 4*n - g*s + 2*s - 30. What are the prime factors of n?
7
Let f(t) = -t**2 - 9*t - 9. Let p be f(-7). Suppose 18 + 7 = p*v. What are the prime factors of v?
5
Let d be (-2)/4*0/(-2). Let m = 11 + d. List the prime factors of m.
11
Suppose -3*t - 434 = 3*z - 4*z, -2*z = 4*t - 818. What are the prime factors of z?
419
Let z = 11 - 8. Suppose r = q - 2, -2*q = 4*r + z*q - 28. Suppose 5*u - r*u - 12 = 0. List the prime factors of u.
2
Let v(c) = c**2 - 10*c - 12. Let f be v(9). Let i(m) = 34*m + 1. Let n be i(-1). Let b = f - n. List the prime factors of b.
2, 3
Let y be (-446)/(-14) - 7/(-49). Suppose 102 = y*a - 29*a. List the prime factors of a.
2, 17
Suppose -7*v + 6*v = -25. What are the prime factors of v?
5
Let n(k) = k**2 - 10*k + 5. List the prime factors of n(13).
2, 11
Suppose 4*b + 307 = -33. What are the prime factors of (b/(-20))/((-3)/(-12))?
17
Suppose 0 = 3*i - 3*j - 180, -164 = -3*i - 0*j - 5*j. List the prime factors of i.
2, 29
Let a(p) = p + 3. Let k be a(-2). Let x = 15 + k. What are the prime factors of x?
2
Let v be 14/(-77) + 2/11. Suppose v = -4*y + 2*r + 74, 2*y - 3 = 3*r + 32. What are the prime factors of y?
19
Suppose 0 = -h + 4 + 26. List the prime factors of h.
2, 3, 5
Let c(m) = -m - 10. Let o be c(-9). Let w = 0 + o. What are the prime factors of (0 + 2 + w)*11?
11
Let j(b) = -b + 7. Let t be j(-5). Suppose -t = 3*a - 7*a. Suppose -a*c = -c - 6. What are the prime factors of c?
3
Suppose 0 = -4*s + s + 57. Suppose -5*g + s = -6. List the prime factors of g.
5
Let b(g) = g**2 - 8 + 3*g + 3 + 2. What are the prime factors of b(4)?
5
Let u be 0 + 0 + 2 + 0. Suppose k - 3 = -3*m, -u*k + 1 = -4*m + 5*m. Let i(p) = 9*p + 1. What are the prime factors of i(m)?
2, 5
Suppose 0 = 7*f - 3*f - 100. List the prime factors of f.
5
Suppose 5*u + 0*n = -4*n + 148, -u + 38 = -2*n. Suppose v + u = 5*v. Let t = v + 0. What are the prime factors of t?
2
Let l be (-2 + 0 - 0) + 0. Let d(t) = t**3 + t**2 - 2. Let q be d(l). List the prime factors of (0 - (q - -3)) + 9.
2, 3
Suppose 0*r + 85 = 5*r. List the prime factors of r.
17
What are the prime factors of 715/26*28/5?
2, 7, 11
Let j(n) = 8*n - 41. List the prime factors of j(15).
79
Suppose 3*j + 12 = -3*i, -12 - 12 = i + 5*j. List the prime factors of 3/i - (-5 - 18).
2, 13
Let p(d) = d**2 - 4*d + 4. Let u be p(4). Suppose 0 = -u*k + 5 + 3. List the prime factors of k.
2
Suppose 4 = -2*m - 0*q - 3*q, 24 = 5*m - q. What are the prime factors of (-1 - 4)*(m + -5)?
5
Suppose -6*b + 130 = -b. What are the prime factors of b?
2, 13
Let l be (-2)/5 + 2/5. Let g(p) = -p**3 + 8*p**2 + p - 6. Let q be g(8). Suppose -q*u = -l - 16. What are the prime factors of u?
2
Suppose 0*k = -2*k - 2*a - 4, a + 14 = -4*k. Let g = k + 9. Suppose 8 = g*z - 4*u, -5*z + 11 = -u - 6. What are the prime factors of z?
2
Let w(r) = 33*r**3 - 2*r**2 + 4*r - 1. What are the prime factors of w(2)?
263
Suppose 5*s + 4*m = 40 + 323, 4*m = s - 63. What are the prime factors of s?
71
Let m be (-2)/9 - (-2)/9. Suppose 3*q = -15, m*k + 5*q = -2*k - 9. Suppose -k = -3*s + 1. List the prime factors of s.
3
Suppose 15 - 35 = z + 5*s, 3*z + 3*s + 12 = 0. Suppose z*f + 2*f + 30 = 0. Let m = f + 24. What are the prime factors of m?
3
Let a(c) = c - 3. Let g be ((-20)/(-6))/((-12)/(-18)). Let v be a(g). Let k = 7 + v. What are the prime factors of k?
3
Suppose 2*b - 102 = 110. List the prime factors of b.
2, 53
Let r(k) = -k**3 - 2*k**2 - 2*k + 1. Let c(z) = z**3 + 5*z**2 + z + 3. Let i be c(-5). List the prime factors of r(i).
5
Let y = 0 + 1. Suppose y = -d + 2. Suppose a - 6 = -d. List the prime factors of a.
5
Let y(v) = -3*v**2 + 5*v + 5. Let l(g) = 4*g**2 - 6*g - 6. Let q(n) = -2*l(n) - 3*y(n). What are the prime factors of q(5)?
7
Let d = 8 + -5. Suppose -m + d*m = 40. Suppose u + m = 6*u. What are the prime factors of u?
2
Let v(g) = 3 - g + 5*g + g**3 - 2 - 2*g**2. Let o be v(3). Suppose -5*i + o = -18. What are the prime factors of i?
2
What are the prime factors of 78*36/8 + 5?
2, 89
Let s be (12/(-10))/(2/(-5)). Suppose -f + 5*h + 25 = 0, 0 = -s*f - f - 5*h - 25. Suppose -4 = 4*o + 4*t, f*o + 4*o = 5*t + 23. What are the prime factors of o?
2
Let p be (-402)/8 + 10/40. What are the prime factors of p/2*(-8 + 7)?
5
What are the prime factors of (-17)/(60/16 - 4)?
2, 17
Let a(b) = b**3 + 10*b**2 + 1. Let s be a(-10). Let z(u) = 15*u**3 - 2*u**2 + u. List the prime factors of z(s).
2, 7
Suppose -3*r + 2*r = -46. Let o = -10 + r. What are the prime factors of o?
2, 3
Suppose -3*u + 2*c - 372 = 0, -5*u + 3*c = 628 - 7. Let b = u + 186. List the prime factors of b.
2, 3, 5
Let b = -84 - -153. List the prime factors of b.
3, 23
Let k = 65 + -33. Suppose 0 = 5*j - 2*o - 14, 6*o - k = -5*j + 2*o. Let u = j + -1. What are the prime factors of u?
3
Suppose a - 3*t - 37 = 0, -5*a = -2*t - t - 137. List the prime factors of a.
5
Let s(k) = k**3 - 3*k**2 - 5*k + 5. Let f be s(4). List the prime factors of (-623)/(-21) - f/(-3).
2, 3, 5
What are the prime factors of (2 + 1)*53*(-19)/(-19)?
3, 53
Let b be 1*-2*(-12 - 0). Suppose -3*j - 4*i = b, -2*j + 3*j + 10 = -2*i. Let w = j - -7. What are the prime factors of w?
3
Let l(w) be the third derivative of w**4/4 - 5*w**3/6 + 4*w**2. What are the prime factors of l(5)?
5
Suppose -5*h - 5*p + 2 - 12 = 0, 5*p + 10 = -4*h. Suppose h*i - 160 = -5*i. What are the prime factors of i?
2
List the prime factors of 218/11 - 34/(-187).
2, 5
Suppose 0 = -32*j + 37*j - 710. List the prime factors of j.
2, 71
Let b be (-4)/(-22) + (-18)/(-22). Let v = 0 + b. Let x = v + 1. List the prime factors of x.
2
Let f(l) = -l**3 - 4*l**2 + 4*l + 1. Let g be f(-5). Suppose 32 = -g*y + 8*y. What are the prime factors of y?
2
Let u(g) = -2*g**2 + 9*g + 1. Let k(d) = -3*d**2 + 19*d + 3. Let s(t) = -3*k(t) + 5*u(t). List the prime factors of s(-10).
2
Let z(m) = -11*m**2 + 25*m + 5. Let r(t) = 5*t**2 - 12*t - 2. Let a(i) = -9*r(i) - 4*z(i). List the prime factors of a(6).
2, 5
Let o(s) = -s + 8. Let k be o(6). Suppose -k*d = -0*d. Suppo